e remainder when 3034328 is divided by 1105.
1103
What is the remainder when 56602 is divided by 27?
10
Calculate the remainder when 1229841 is divided by 251.
192
What is the remainder when 790434 is divided by 16?
2
What is the remainder when 13184337 is divided by 76653?
21
Calculate the remainder when 3852759 is divided by 358.
321
Calculate the remainder when 81987 is divided by 1262.
1219
What is the remainder when 4208146 is divided by 1051974?
250
What is the remainder when 179446 is divided by 19615?
2911
What is the remainder when 65736 is divided by 2331?
468
Calculate the remainder when 497683 is divided by 62170.
323
Calculate the remainder when 2234278 is divided by 847.
739
What is the remainder when 329474 is divided by 3701?
85
What is the remainder when 70103 is divided by 68796?
1307
Calculate the remainder when 979885 is divided by 1346.
1343
What is the remainder when 5827310 is divided by 2913608?
94
Calculate the remainder when 2071883 is divided by 17123.
0
Calculate the remainder when 600450 is divided by 695.
665
What is the remainder when 393397 is divided by 13556?
273
Calculate the remainder when 190328 is divided by 5434.
138
What is the remainder when 2348119 is divided by 353?
316
What is the remainder when 2588110 is divided by 12?
10
What is the remainder when 12482751 is divided by 4160911?
18
What is the remainder when 1102047 is divided by 157432?
23
What is the remainder when 4502953 is divided by 4024?
97
What is the remainder when 9894034 is divided by 109?
104
Calculate the remainder when 88206 is divided by 12325.
1931
Calculate the remainder when 4819918 is divided by 2409955.
8
What is the remainder when 975465 is divided by 3240?
225
What is the remainder when 22459 is divided by 2595?
1699
What is the remainder when 340460 is divided by 7613?
5488
Calculate the remainder when 126600832 is divided by 42.
22
What is the remainder when 245361549 is divided by 10?
9
What is the remainder when 41326322 is divided by 785?
782
Calculate the remainder when 4389988 is divided by 265.
263
Calculate the remainder when 1896778 is divided by 4226.
3530
What is the remainder when 615392 is divided by 1559?
1146
What is the remainder when 34175705 is divided by 813707?
11
Calculate the remainder when 1321879 is divided by 12.
7
Calculate the remainder when 392773 is divided by 215.
183
Calculate the remainder when 1146731 is divided by 573321.
89
What is the remainder when 3944 is divided by 982?
16
Calculate the remainder when 3776790 is divided by 6434.
32
What is the remainder when 75962750 is divided by 75962739?
11
What is the remainder when 13756054 is divided by 5?
4
Calculate the remainder when 52231795 is divided by 27.
25
Calculate the remainder when 2806424 is divided by 10877.
158
What is the remainder when 3373121 is divided by 625?
621
What is the remainder when 950078 is divided by 474855?
368
Calculate the remainder when 3540403 is divided by 9032.
8891
What is the remainder when 105536 is divided by 4560?
656
Calculate the remainder when 109037 is divided by 36286.
179
What is the remainder when 1512746 is divided by 215790?
2216
Calculate the remainder when 21832757 is divided by 1324.
1321
What is the remainder when 24013429 is divided by 114?
13
Calculate the remainder when 134130144 is divided by 44710042.
18
What is the remainder when 32464 is divided by 330?
124
Calculate the remainder when 10470800 is divided by 523539.
20
What is the remainder when 479072 is divided by 2394?
272
What is the remainder when 18340027 is divided by 10?
7
Calculate the remainder when 50788 is divided by 1504.
1156
Calculate the remainder when 463390 is divided by 2531.
217
Calculate the remainder when 108677 is divided by 2588.
2569
What is the remainder when 31161683 is divided by 1086?
1085
Calculate the remainder when 148343 is divided by 6429.
476
Calculate the remainder when 2794818 is divided by 12.
6
What is the remainder when 31429269 is divided by 406?
403
Calculate the remainder when 17497 is divided by 6371.
4755
What is the remainder when 1072835 is divided by 165?
5
What is the remainder when 473937 is divided by 78891?
591
What is the remainder when 304432 is divided by 12175?
57
What is the remainder when 49127 is divided by 3867?
2723
What is the remainder when 3478018 is divided by 4990?
4978
What is the remainder when 8327163 is divided by 2048?
2043
Calculate the remainder when 2802032 is divided by 560277.
647
What is the remainder when 457985 is divided by 76305?
155
What is the remainder when 16735 is divided by 16247?
488
Calculate the remainder when 649215 is divided by 1594.
457
Calculate the remainder when 197506252 is divided by 145.
12
Calculate the remainder when 1917798 is divided by 97.
11
Calculate the remainder when 20523842 is divided by 1513.
1510
What is the remainder when 694268 is divided by 231404?
56
Calculate the remainder when 34097 is divided by 34082.
15
What is the remainder when 6228202 is divided by 6?
4
Calculate the remainder when 1793994 is divided by 170.
154
Calculate the remainder when 48766 is divided by 9715.
191
What is the remainder when 1163674 is divided by 77?
50
Calculate the remainder when 48297575 is divided by 48297560.
15
What is the remainder when 51097260 is divided by 2129052?
12
Calculate the remainder when 89728279 is divided by 2639067.
1
What is the remainder when 123204018 is divided by 10?
8
What is the remainder when 87290274 is divided by 1447?
1446
Calculate the remainder when 837325 is divided by 14.
13
What is the remainder when 10631001 is divided by 8979?
8844
What is the remainder when 7922253 is divided by 87051?
612
Calculate the remainder when 25432311 is divided by 5668.
5663
What is the remainder when 9689765 is divided by 1478?
1475
What is the remainder when 177410 is divided by 44343?
38
Calculate the remainder when 16598292 is divided by 5532754.
30
What is the remainder when 121070 is divided by 1376?
1358
Calculate the remainder when 11132748 is divided by 2783173.
56
What is the remainder when 434334884 is divided by 312?
308
What is the remainder when 142232652 is divided by 452?
4
What is the remainder when 2746777 is divided by 305195?
22
Calculate the remainder when 15437130 is divided by 1543713.
0
Calculate the remainder when 1587380 is divided by 36914.
78
Calculate the remainder when 72368 is divided by 561.
560
Calculate the remainder when 9122279 is divided by 327.
287
What is the remainder when 55530 is divided by 554?
130
What is the remainder when 106027 is divided by 720?
187
Calculate the remainder when 33588 is divided by 3354.
48
Calculate the remainder when 175565 is divided by 124.
105
What is the remainder when 180519 is divided by 176967?
3552
What is the remainder when 9332818 is divided by 2379?
1
Calculate the remainder when 3745755 is divided by 2328.
3
Calculate the remainder when 437782 is divided by 18.
4
Calculate the remainder when 47774 is divided by 6821.
27
Calculate the remainder when 1951509 is divided by 906.
891
What is the remainder when 1879118 is divided by 208790?
8
What is the remainder when 176931609 is divided by 39?
36
Calculate the remainder when 150580394 is divided by 4545.
4544
Calculate the remainder when 36380618 is divided by 99.
98
Calculate the remainder when 575002 is divided by 22114.
38
Calculate the remainder when 452119 is divided by 1306.
243
What is the remainder when 41023677 is divided by 175?
2
What is the remainder when 147554819 is divided by 10?
9
Calculate the remainder when 4551340 is divided by 215.
5
What is the remainder when 6263304 is divided by 447376?
40
What is the remainder when 5334 is divided by 852?
222
What is the remainder when 16456029 is divided by 939?
54
What is the remainder when 9176521 is divided by 60?
1
What is the remainder when 25480959 is divided by 128?
127
Calculate the remainder when 454818 is divided by 2994.
2724
Calculate the remainder when 23221660 is divided by 365.
360
What is the remainder when 268576963 is divided by 405?
403
Calculate the remainder when 31697 is divided by 31047.
650
What is the remainder when 834211 is divided by 10918?
4443
Calculate the remainder when 133541 is divided by 14609.
2060
What